at is j(-4)?
1
Let g(c) = -c**3 + 54*c**2 - 99*c - 278. Calculate g(52).
-18
Let t(a) = -a**2 + 25*a - 113. What is t(11)?
41
Let y(j) = 13*j**3 - 5*j**2 + j - 6. What is y(2)?
80
Let a(i) = -i**2 - 19*i - 5. Determine a(-22).
-71
Let b(m) = -118*m - 2460. Give b(-21).
18
Let b(v) = -v**2 - 105*v - 780. Give b(-97).
-4
Let u(b) = 251*b + 516. Calculate u(-2).
14
Let n(y) = -y**3 - 2*y**2 - 10*y + 16. What is n(-5)?
141
Let k(m) = -781*m + 3911. Determine k(5).
6
Let y(i) = -1292*i - 14188. What is y(-11)?
24
Let q(n) = -8*n**3 + 89*n**2 + 119*n - 428. Determine q(12).
-8
Let r(x) = -x**2 + 12705*x + 50843. What is r(-4)?
7
Let g(k) = -18*k - 724. Determine g(-74).
608
Let m(u) = u**2 - 63*u + 894. Give m(22).
-8
Let j(n) = 547*n + 6580. Calculate j(-12).
16
Let q(w) = 6*w**2 + 103*w + 20. Give q(-17).
3
Let f(h) = -160*h + 22564. Give f(141).
4
Let k(r) = r**3 + 6*r**2 - 17*r - 71. Determine k(-5).
39
Let y(z) = -139*z + 16973. What is y(122)?
15
Let q(g) = 141*g**2 + 270*g - 14. What is q(-2)?
10
Let a(x) = -9*x**3 - 85*x**2 + 18*x + 54. Determine a(-9).
-432
Let q(l) = l**3 - 25*l**2 + 29*l - 129. Calculate q(23).
-520
Let c(y) = -3*y**3 + 97*y**2 - 35*y + 92. Determine c(32).
-4
Let k(q) = -282*q - 580. What is k(-2)?
-16
Let a(n) = -51*n - 5506. Determine a(-108).
2
Let p(f) = 685*f - 137679. What is p(201)?
6
Let u(c) = 2*c**3 + 19*c**2 + 16*c + 47. Calculate u(-8).
111
Let p(y) = -10*y**2 + 34*y - 13. Give p(3).
-1
Let k(l) = -l**2 - 26*l + 1817. What is k(36)?
-415
Let o(q) = 2*q**2 - 30*q - 3531. Determine o(50).
-31
Let a(c) = -15*c**2 - 43*c + 403. What is a(7)?
-633
Let f(j) = -j**3 - 41*j**2 + 182*j + 94. Give f(-45).
4
Let j(c) = 3*c**3 + 126*c**2 + 122*c - 38. Give j(-41).
3
Let u(v) = -42*v - 470. What is u(-9)?
-92
Let m(p) = p**3 + 21*p**2 + 22*p + 33. Calculate m(-20).
-7
Let a(r) = r**2 + 20*r - 84. Calculate a(-25).
41
Let f(o) = -o**3 + 33*o**2 + 116*o - 295. Calculate f(36).
-7
Let i(d) = d**2 + 111*d + 2956. Determine i(-44).
8
Let n(b) = -b**3 - 12*b**2 - 10*b + 79. Determine n(-4).
-9
Let w(c) = 120*c**2 + 21*c + 8. What is w(-2)?
446
Let h(s) = 3*s**2 + 73*s + 22. Determine h(-30).
532
Let p(z) = 15*z - 188. Give p(14).
22
Let t(i) = -77*i + 1565. Give t(21).
-52
Let l(z) = z**2 - 30*z + 182. Give l(28).
126
Let h(l) = -10*l - 197. Calculate h(-18).
-17
Let t(r) = 48*r**3 - 37*r**2 - 36*r + 3. Give t(-1).
-46
Let v(r) = 377*r + 2628. Give v(-7).
-11
Let f(k) = 15*k + 523. Determine f(-34).
13
Let u(k) = 30*k**2 - 3870*k - 22. What is u(129)?
-22
Let x(q) = 22*q**2 + 506*q + 8. Give x(-23).
8
Let h(s) = s**3 - 61*s**2 - 77*s + 912. What is h(62)?
-18
Let w(f) = 45*f - 314. Determine w(8).
46
Let x(b) = -312*b - 5302. What is x(-17)?
2
Let g(z) = -z**2 + 655*z - 16969. Calculate g(27).
-13
Let i(r) = -r**3 - 7*r**2 + 773*r + 3912. What is i(-5)?
-3
Let j(c) = -c**3 - 27*c**2 - 93*c + 5. What is j(-23)?
28
Let y(c) = 2*c**3 - 20*c**2 - 17*c + 122. Calculate y(10).
-48
Let b(c) = c**3 - 29*c**2 - 69*c + 36. Give b(31).
-181
Let r(j) = -j**2 + 625*j - 6125. Give r(10).
25
Let i(q) = q**2 - 4*q + 12. Give i(4).
12
Let w(g) = -9*g**2 + 164*g - 164. Determine w(1).
-9
Let i(s) = -90*s + 537. Give i(6).
-3
Let c(z) = 11*z**2 - 35*z + 16. Calculate c(3).
10
Let g(r) = 54*r - 1024. Give g(17).
-106
Let f(v) = -11*v + 189. Determine f(27).
-108
Let q(g) = 1655*g + 18245. What is q(-11)?
40
Let a(w) = 1045*w - 22996. Calculate a(22).
-6
Let y(j) = 11*j**2 - 48*j - 33. Give y(5).
2
Let k(q) = -151*q - 3433. Determine k(-22).
-111
Let x(o) = 2*o**3 - 41*o**2 - 13*o - 202. Calculate x(21).
-34
Let f(a) = -22*a + 1359. What is f(73)?
-247
Let w(j) = -17*j - 294. Give w(-25).
131
Let q(u) = 5*u + 18. Determine q(18).
108
Let t(x) = -2*x**3 - 10*x**2 + 9*x - 1. Calculate t(-5).
-46
Let n(u) = -u**3 + 4*u**2 - 70*u + 382. Calculate n(5).
7
Let j(z) = -44*z**2 + 19*z - 56. Determine j(2).
-194
Let v(b) = b**3 + 12*b**2 + 10*b - 37. What is v(-11)?
-26
Let s(h) = 1289*h - 14179. Determine s(11).
0
Let b(o) = -2632*o + 5305. What is b(2)?
41
Let s(o) = 173*o**2 - 4*o - 2. What is s(-1)?
175
Let a(o) = 3*o**2 - 2*o - 4. Determine a(-2).
12
Let d(k) = -2*k**3 - 14*k**2 - 293*k - 2461. Give d(-8).
11
Let l(q) = -113*q - 3. Determine l(-1).
110
Let z(i) = 31*i + 408. Give z(-13).
5
Let n(x) = -3*x**3 + 3*x**2 - 4*x + 16. Calculate n(2).
-4
Let u(a) = -6*a**2 + 32*a + 70. Calculate u(5).
80
Let c(o) = -1909*o + 3816. Give c(2).
-2
Let n(h) = -36*h - 476. Give n(-14).
28
Let w(u) = -452*u - 34810. Give w(-77).
-6
Let r(h) = 55*h**3 - 62*h**2 + 65*h - 3. What is r(1)?
55
Let g(r) = -r**2 - 95*r + 1531. Calculate g(14).
5
Let w(m) = -9*m - 389. Calculate w(-58).
133
Let x(h) = h**2 - 2982*h + 14884. Give x(5).
-1
Let q(b) = b**3 - 73*b**2 - 389*b + 173. Give q(78).
251
Let d(m) = m**3 + 9*m**2 + 82*m + 939. Determine d(-10).
19
Let i(t) = -40*t + 6. What is i(4)?
-154
Let k(r) = -2*r**3 + 18*r**2 + 3*r - 52. Give k(9).
-25
Let d(a) = -34*a - 372. Calculate d(-22).
376
Let n(y) = 148*y + 5849. Determine n(-38).
225
Let z(h) = -899*h - 35061. Determine z(-39).
0
Let x(r) = -r**3 + 5*r**2 + 16*r - 40. Calculate x(5).
40
Let c(o) = 4*o**2 - 103*o - 69. What is c(26)?
-43
Let l(h) = -58*h**2 + 278*h - 56. Give l(5).
-116
Let q(k) = 2*k**2 - 109*k + 435. Give q(50).
-15
Let a(x) = -x + 79. What is a(-14)?
93
Let x(c) = 723*c + 4347. What is x(-6)?
9
Let y(d) = 4*d**3 - d**2 + 4*d + 1. What is y(4)?
257
Let f(s) = -5*s**3 + 8*s**2 + 59*s - 121. Give f(3).
-7
Let j(o) = -o**3 - 9*o**2 + 37*o + 336. Determine j(-6).
6
Let x(g) = 501*g**2 - 3004*g - 2. Give x(6).
10
Let a(w) = 60*w + 11. What is a(-3)?
-169
Let b(t) = 2*t**2 + 19*t - 1440. Give b(-32).
0
Let q(k) = 50*k**2 - 8*k - 18. Calculate q(-2).
198
Let o(v) = -73*v - 201. Give o(-2).
-55
Let c(i) = -i**2 + 220*i + 8059. Calculate c(-32).
-5
Let f(r) = -r**3 + 14*r**2 + 120*r - 39. Calculate f(20).
-39
Let k(a) = 6*a + 648. Give k(-80).
168
Let b(y) = 45*y + 4994. What is b(-111)?
-1
Let d(b) = -b**2 - 11*b. Determine d(-10).
10
Let p(r) = 6*r**2 - 16*r - 49. Give p(7).
133
Let k(d) = -35*d + 2210. Calculate k(63).
5
Let w(x) = -4*x**3 - 10*x**2 - 34*x - 122. Calculate w(-3).
-2
Let n(o) = -o**3 - 26*o**2 - 9*o + 11. What is n(-25)?
-389
Let q(l) = -68*l - 10614. What is q(-156)?
-6
Let o(q) = 4*q**3 - 34*q**2 + 29*q + 105. Determine o(7).
14
Let h(q) = -134*q - 5517. Calculate h(-41).
-23
Let r(j) = -80*j + 1653. Calculate r(23).
-187
Let l(d) = -d + 4. Calculate l(-2).
6
Let p(j) = 31*j - 1090. Determine p(36).
26
Let f(a) = -3*a**2 + 103*a + 65. What is f(36)?
-115
Let g(a) = -10*a**3 - 10*a**2 - 10*a - 1. What is g(-1)?
9
Let s(h) = -186*h + 2027. Determine s(11).
-19
Let f(q) = 2*q**3 - 5*q**2 - 6*q + 50. Give f(3).
41
Let x(r) = -401*r + 6413. What is x(16)?
-3
Let u(k) = -1015*k - 45674. Calculate u(-45).
1
Let n(i) = 39*i**3 + 2*i**2 + 3*i - 9. Give n(2).
317
Let g(f) = 70*f**3 - 628*f**2 - 18*f + 13. Determine g(9).
13
Let w(b) = -3*b**3 + 510*b**2 - 445*b - 10481. What is w(169)?
-3
Let t(k) = -13*k + 186. Calculate t(12).
30
Let a(u) = 219*u + 8308. Determine a(-38).
-14
Let y(x) = x**3 + 285*x**2 + 1958*x + 3339. What is y(-278)?
3
Let n(m) = 2*m**3 + 92*m**2 + 92*m + 94. What is n(-45)?
4
Let u(b) = -b**2 - 8*b + 23. Calculate u(-8).
23
Let n(z) = 30*z**2 + 34*z - 65. Determine n(2).
123
Let j(v) = -2*v**2 - 77*v - 709. Determine j(-15).
-4
Let f(w) = -193*w + 12558. Determine f(65).
13
Let c(a) = 20*a - 322. Give c(8).
-162
Let h(i) = -i**3 - 33*i**2 + 37*i + 66. What is h(-34)?
-36
Let b(n) = -430*n + 1728. What is b(4)?
8
Let b(y) = -528*y - 1047. Give b(-2).
9
Let l(j) = -4*j + 57. Give l(-5).
77
Let r(v) = -8*v**2 + 37*v + 377. Calculate r(-5).
-8
Let c(a) = 115*a**2 + 2*a - 1. Give c(0).
-1
Let a(x) = -x**3 + 19*x**2 + 46*x - 100. Determine a(21).
-16
Let x(z) = z**3 - 34*z**2 - 225*z + 7650. Calculate x(34).
0
Let z(s) = 4*s**2 - 435*s + 1150. What is z(106)?
-16
Let c(m) = -85*m + 5108. Give c(60).
8
Let q(j) = -2*j**2 - 8*j + 44. Give q(5).
-46
Let w(n) = -n**2 - 117*n + 3898. Calculate w(27).
10
Let r(v) = -v**2 - 10*v + 14. Give r(4).
-42
Let h(r) = -44*r**3 + 221*r**2 - 6*r + 3. What is h(5)?
-2
Let j(c) = c**3 - 5*c**2 - 46*c + 168. What is j(8)?
-8
Let a(d) = 58*d - 204.